 Let m(d) = q(d) + 4*r(d). Suppose 0*h - 24 = -h. Suppose 0 = 3*u + u + h. What is m(u)?
-6
Let f(l) = -8*l**2 + l. Let j(y) = -y**3 - 7*y**2 + 7*y - 2. Let v be j(-8). Let s = 4 - v. Let r be 15/9 + s/3. Calculate f(r).
-7
Let w(i) be the third derivative of -i**5/60 + i**4/24 + i**3/3 + 4*i**2. Suppose 3*u + 0*u = -6. What is w(u)?
-4
Let s be (-12)/66 - 26/(-22). Let y(b) = 4*b**2 - b. Let j be y(s). Suppose -5*c - 3 - 4 = 4*v, -4 = 5*c + j*v. Let l(x) = -6*x**3 + 2*x**2 - x. Give l(c).
-5
Let x(j) = -j**2 + 9*j + 131. Let l be x(-8). Let d(r) = r - 3*r - 2*r - r**2 - 1. Determine d(l).
-6
Let f(q) = q**3 - 9*q**2 + 7*q + 10. Let x be f(8). Let o(n) be the first derivative of 1/3*n**3 - 3/2*n**2 - n - x. Determine o(2).
-3
Let y(m) = -m**2 + m - 3. Suppose -5*n + 0 = 4*q - 19, -q - 2*n = -4. Let g = q + -3. What is y(g)?
-9
Let j(o) = -4*o - 1. Let g(z) = z**3 - 5*z**2 - z + 3. Let x be g(5). Calculate j(x).
7
Let p(h) = -3*h - 2. Let i(t) = t**3 - t + 1. Let d be i(2). Let m(s) = 6*s + 4. Let k(w) = d*p(w) + 3*m(w). Determine k(-2).
4
Let c(k) = -2*k - 13. Let j be c(-6). Let l(r) = -12*r + 1. Determine l(j).
13
Let k be -2 + 3 + (-4)/(-2). Let x(c) = 3*c + k - 4 - 2*c + 0. Let g be ((-4)/6)/((-4)/(-6)). What is x(g)?
-2
Let w = 8 + -4. Suppose -w*m = m. Let r(l) = -2 + m + 0 - 2*l. Determine r(2).
-6
Let p(g) = 11*g**3 - 6*g**2 - 4*g. Let a(s) = -s**3 + s**2 + s. Let q(l) = 5*a(l) + p(l). Calculate q(1).
6
Let n(g) = -2 + 5*g - g - 4 - 3*g. Let z = 15 - 10. Determine n(z).
-1
Let t(i) = 2*i - 5. Let r = -1 + 7. Give t(r).
7
Let o(v) be the third derivative of -v**4/24 - 7*v**3/6 - 6*v**2. Give o(-6).
-1
Let w(j) be the second derivative of -j**3/6 + 2*j**2 + 41*j. Let l be 2/(-9) + (-2)/(-9). What is w(l)?
4
Let p(d) = d - 13. Suppose b - 2*f = 3*b + 6, 2*b = 2*f + 6. Give p(b).
-13
Let l(k) = k**3 + 5*k**2 - k - 2. Let g(x) = 9*x + 5 - x**2 - 1 - x + x. Let z be g(9). Suppose z*a + 9 = -11. Calculate l(a).
3
Suppose i = -4*j, 3*j + 2 = -i + 3. Let o be 5/(-10) + (-14)/i. Let k(v) = v**2 + 5*v + 3. What is k(o)?
-1
Let m(p) be the third derivative of 0 - 1/60*p**5 + 0*p**3 + 5/24*p**4 + 7*p**2 + 0*p. Determine m(6).
-6
Suppose 6*r = 1 + 59. Let b(c) = 2*c - 11. What is b(r)?
9
Let i(m) = -3*m**3 - m**2 - m - 1. Let f be i(-1). Let l be (-1)/(-3) + (-120)/(-18). Let t(v) = -v**3 - l + 2 + 6*v + 2 - 2*v. Determine t(f).
-3
Let m = -13 - -13. Let k(d) = 2*d - 1 + d + 0 + m*d. Calculate k(-2).
-7
Let z(k) be the second derivative of k**5/20 - 5*k**4/12 + k**3/6 - 3*k**2 - 2*k + 7. What is z(5)?
-1
Let l(j) = -j**2 - 4*j + 3. Let m be l(-4). Let s(o) = 6*o + 3 - 8*o + o - 1. Determine s(m).
-1
Let p(o) = -4*o - 3. Let l be p(-3). Let t(d) = d**2 - 10*d + 1. Give t(l).
-8
Let k(i) = -i - 3. Let m be -3 - 0/(1/(-1)). What is k(m)?
0
Let a(v) = v**3 + v**2 - 3*v + 1. Let s be (-38)/(-10) - 3/(-15). Suppose s*n - 1 = 3. Let o = n + 1. What is a(o)?
7
Suppose -5*c + c - 8 = -d, -10 = -4*d + 5*c. Let a(p) = 2 + d - 2*p + 0. Suppose -3*n + 21 = 5*f, -2*n + 2*f - 2 + 0 = 0. Determine a(n).
-2
Let r be (3 - (-1 - -3))*(0 - 4). Let s(a) = 12*a + 13. Let p(n) = n + 1. Let o(j) = 22*p(j) - 2*s(j). Calculate o(r).
4
Let x = -38 + 22. Let d = -9 - x. Suppose 2*a = -m - 1, 2*a + d - 3 = 2*m. Let k(i) = 9*i + 1. What is k(a)?
-8
Let l(j) = j**3 - 6*j**2 - 2. Let q be 4 + 4/(-8)*-4. What is l(q)?
-2
Let u = -14 - -18. Let m(x) = -x. Let d(w) = -w**2 - w + 3. Let l(a) = -d(a) + 5*m(a). Calculate l(u).
-3
Let u(p) be the third derivative of -p**4/24 - p**3/6 - 3*p**2. Determine u(6).
-7
Suppose 7 = 2*n + 5*d - 4*d, 4*n - 3*d - 9 = 0. Let l(x) = -x**3 + 5*x**2 - 3*x - 4. Determine l(n).
5
Let y = 0 + 2. Suppose 3*d + 15 = 0, -3*d - 9 = y*l + l. Suppose 1 = -n - l. Let t(o) = -o**2 - 3*o - 2. Calculate t(n).
-2
Let y be 15/(-9) + 10/15. Suppose 33 = 4*n - 0*q - 5*q, -30 = -5*n + 4*q. Let o(p) = p + 2*p + n*p. Determine o(y).
-5
Let b(v) = v - 3. Let f be b(4). Let g(l) = 17*l**3 + 3*l + 7. Let j(x) = -8*x**3 - x - 3. Let s(c) = -2*g(c) - 5*j(c). Determine s(f).
6
Let l(f) = f**3 - 3*f**2 + 2*f. Let r be l(2). Let z(y) = -y**2 - 5. Calculate z(r).
-5
Suppose 5*d - d = -12. Let u be 6/4*(-2)/d. Let q(v) = -4*v**2 + 1. Give q(u).
-3
Let h(k) = -k**2 + 4*k - 2. Suppose -f + 3*f - 4 = 0. Suppose 0 = -3*m - f*m + 3*b + 9, -4*m + 3*b = -6. Give h(m).
1
Suppose -4*n = -0*n. Let p(f) = -f - 8. Calculate p(n).
-8
Let q(w) be the second derivative of -w**7/840 + w**6/90 + w**5/40 - w**4/4 - 3*w**3/2 + 3*w. Let s(a) be the second derivative of q(a). Calculate s(4).
6
Let u(t) be the third derivative of t**5/20 - t**4/24 + t**3/6 - 7*t**2. Determine u(2).
11
Let i = 2 + 4. Suppose 3*q - 3*c + i = 0, -3*q - 24 = c + 2*c. Let m(d) = -5*d - 7 - 5*d**2 + 3 + 4*d**2. Calculate m(q).
-4
Suppose 5*o - 10 = 4*o. Let t(y) = -y**2 + 9*y + 14. Calculate t(o).
4
Let d be (6/(-4))/(3/(-4)). Let y(v) = -4*v - 3. Let z be y(-2). Let r = d - z. Let j(w) = w**2 + 2*w + 2. Calculate j(r).
5
Let r(k) = k**3 - 6*k**2 - 6*k - 4. Suppose -4*c + 67 = 39. What is r(c)?
3
Let f(s) be the second derivative of 0 + s + 1/2*s**2 + 0*s**3 + 1/12*s**4. Suppose t = -t. Determine f(t).
1
Let f(y) = y + 4. Suppose -a + 2*q = -0*q - 2, 0 = -a - 3*q - 3. Calculate f(a).
4
Let u(a) be the first derivative of -3 + 0*a**3 + 1/8*a**4 - 3/2*a**2 + 0*a. Let v(i) be the second derivative of u(i). Give v(1).
3
Let l(u) be the third derivative of -u**6/120 + 7*u**5/60 - 5*u**4/24 + 3*u**3/2 + 29*u**2. Calculate l(6).
15
Let i(o) = 3*o + 3. Suppose k = -2*a + 5*a + 10, -3*k - 3*a - 18 = 0. Give i(k).
-3
Let p(t) be the second derivative of t**5/20 - 5*t**4/12 - t**3 - t**2 + 6*t. Calculate p(6).
-2
Let m(y) = y**3 + 7*y**2 + y + 4. Let a be 2 - 9*(4 + -3). Determine m(a).
-3
Let c(q) = q**3 + 8*q**2 + 7*q - 3. Suppose 8 = -2*j - 6. Let x be c(j). Let z(n) = n**2 - 3. What is z(x)?
6
Let k(x) = x**3 - 2*x**2 - 2*x - 3. Let g(h) = -5*h - 2. Let i be g(-1). Give k(i).
0
Let g(w) = -2*w**2 + 8*w + 1 - 4*w**2 + 3 + 7*w**2. Give g(-3).
-11
Let s(w) = -w**3 + w**2 + 2. Let l be s(0). Let o(k) = 4*k + k**l - 8*k - 5 + k. Give o(6).
13
Let z(n) = 169*n - 334*n + 5*n**2 + 169*n - n**2 + 1. What is z(-3)?
25
Let q(k) = -k**2 + 4*k + 7. Let i(d) = -d**3 + d**2 + 3*d - 1. Let m be i(-2). Determine q(m).
2
Let j be (-5 + 1)/(1 - 3). Let y(a) = j + 21*a - 25*a + 2. What is y(4)?
-12
Let x(z) = z. Let l(v) = v**3 + 12*v**2 + 12*v + 11. Let j be l(-11). Let f = j - -5. What is x(f)?
5
Let k(n) be the second derivative of 0 - 1/120*n**5 - n - 1/360*n**6 + 1/3*n**3 + 0*n**2 + 1/24*n**4. Let z(r) be the second derivative of k(r). Determine z(0).
1
Suppose -x + 3*m - 4 - 17 = 0, -x - 3*m = -9. Let q(u) = -u**2 + 7 - 4 - 3*u - 5*u + 2*u. Let l be q(x). Let w(s) = 2*s**2 - 3*s - 4. Calculate w(l).
5
Let f be (3/6)/((-2)/(-8)). Let p(s) = -3*s + 0 - 2 + 5 + f*s. Let h = 1 - 1. Determine p(h).
3
Let i = 6 - 4. Let m(b) = 9*b + 1. Let v(p) = p + 1. Let l(d) = i*v(d) - m(d). Suppose 3 = -13*w - 10. Give l(w).
8
Let z(y) = -4*y + y**3 + 3*y**2 + 0*y**2 + 0*y**2 + y. Let k(t) = 4*t**3 + 2*t - 1. Let a be k(1). Let i = -8 + a. What is z(i)?
9
Let q(j) be the second derivative of -j**5/20 - j**4/3 - j**3/3 + j**2 - j. Let m = 12 - 17. Let v = m + 2. Calculate q(v).
-1
Let h(z) = z + 2. Let r be 18/8 - (-6)/8. Suppose -r*p = -0*p. What is h(p)?
2
Suppose z + 7 = 3*v, -v = 5*z + 3 - 16. Let p = 0 - z. Let b(s) be the second derivative of -s**4/6 - s**3/3 - s**2/2 - s. Give b(p).
-5
Let h(i) = -2*i - 4 + 2*i + 3*i. Let c = 33 - 51. Let b be 16/24*c/(-4). What is h(b)?
5
Let t(x) be the third derivative of 1/60*x**5 + 5/6*x**3 + x**2 + 7/24*x**4 + 0*x + 0. Determine t(-6).
-1
Let f(k) = k**2 - 6*k + 3. Let w(d) = -d**2 + 4*d + 7. Let x be w(5). Suppose 4*v = -x + 10. Determine f(v).
-5
Let c(m) be the second derivative of m**4/6 - m**3/2 + 3*m**2/2 - m. Calculate c(2).
5
Suppose 4 = -2*w + p, -3*p = -2*p. Let q(a) = 2*a. Calculate q(w).
-4
Let y = -4 + 2. Let b(l) = -l**2 - 3*l - 1. Calculate b(y).
1
Let u(h) be the first derivative of h**4/2 - h**3/3 - h + 2. Let m be (-8)/3*(-3)/4. Calculate u(m).
11
Let r = 2 - -2. Suppose 0*u - 2 = u, -r*h - 2*u - 8 = 0. Let m(q) = -q. Let l(x) = -4*x + 1. Let v(f) = -l(f) + 6*m(f). What is v(h)?
1
Let b(t) = t - 